actors of d?
2, 7, 13, 17
Suppose 3514 = -9*m + 2*m. Let i = -78 - m. What are the prime factors of i?
2, 53
Let w(y) = -2*y**2 + 13*y - 18. Let q be w(4). Suppose 3*x = -q*m + 82, m - 135 + 24 = -4*x. List the prime factors of x.
2, 7
Let b be 5*-2*(-9)/5. Suppose -6*i = -b*i + 4800. What are the prime factors of i?
2, 5
Let z(l) = -l**3 + 10*l**2 + l - 7. Let j be z(10). Suppose j*n - 2 = 1. List the prime factors of (2 - (n - -4))/(6/(-212)).
2, 53
Suppose 2*b - h - 4080 = -5*h, -5*b - 5*h = -10175. What are the prime factors of b?
2, 5, 7, 29
Let r(b) = 19*b**3 + b**2 + 61*b - 280. List the prime factors of r(5).
5, 97
Let g be (40/6)/(4/6). Suppose -675 = -g*a + a. Suppose 4*o + o = 5*c - a, -c + 4*o = -30. List the prime factors of c.
2, 5
Let p be 91/21 - 2/(-3). Suppose -p*o - 2*m + 34 = -5*m, 0 = -4*o + 2*m + 26. Let k(g) = -g**3 + 13*g**2 - 6*g - 12. List the prime factors of k(o).
2, 79
Suppose 0 = -26*t + 30*t + 716. Let q = 246 + t. List the prime factors of q.
67
Suppose -l + 12623 = 4*b, -223*l - 5*b - 25155 = -225*l. List the prime factors of l.
5, 11, 229
Let n(k) = k**3 + 7*k**2 - 11*k - 7. Let o be n(7). Suppose -5*t - 2*l + 1543 = 0, 0 = -2*t - 2*l + 5*l + o. What are the prime factors of t?
307
What are the prime factors of ((-5191039)/(-77) - -16) + 1/(-11)?
2, 8429
Let s be (234/27)/((-1)/(-3)). Let t = s - 24. Suppose 0 = -4*u + 3*m + 141 + 28, -t*u = -4*m - 82. List the prime factors of u.
43
What are the prime factors of (0/5 - 5) + 4143?
2, 2069
Suppose 7*f = -42 + 21. List the prime factors of -2*f/(-24) - (-2493)/36.
3, 23
Let a(r) = 884*r - 1345. What are the prime factors of a(9)?
11, 601
Let x(o) = 133*o**2 + 2*o - 76. What are the prime factors of x(-8)?
2, 5, 421
Let t = -196 + 200. Suppose 2*g = -3*g - b + 998, g - 187 = t*b. What are the prime factors of g?
199
Suppose -2*j + 32 = 234. Suppose 62 = -u - 3*a, u - a = -58 - 12. Let q = u - j. List the prime factors of q.
3, 11
Let u(b) = -2*b + 18. Let k be u(9). Let d be (k + -1)/(4/(-3 - 5)). List the prime factors of (-3 - 1)*(d + (-70)/4).
2, 31
Let k(j) = -j**3 + 4*j + 33. Suppose 0*w = 5*n + 3*w + 28, -1 = w. List the prime factors of k(n).
2, 3, 23
Let v(l) = l**3 - 8*l**2 - 7*l - 18. Let n be v(9). Let j be (0/3 - n)/2. Suppose -10*s + 1890 = -j*s. What are the prime factors of s?
3, 7
Suppose -4*k - 6330 = -2*d - 6*k, 2*d - 2*k - 6334 = 0. List the prime factors of d.
2, 1583
Let u(l) = 4*l - 17. Let g be u(5). Let i(m) = 40*m + 62*m + 18*m**2 - m**g - 11 - 79*m. List the prime factors of i(19).
5, 13
List the prime factors of ((-24844)/8)/(107/(-856)).
2, 6211
Let b(k) = 21*k - 45. Let u be b(3). Suppose -1236 = -u*q + 16*q. List the prime factors of q.
2, 3, 103
Suppose -81*p = -70*p - 171930. List the prime factors of p.
2, 3, 5, 521
Let h(q) be the third derivative of q**6/120 + 11*q**5/30 + 7*q**4/24 + 7*q**3/2 - 59*q**2. List the prime factors of h(-9).
3, 337
Let p(n) = 2532*n + 1093. List the prime factors of p(9).
11, 13, 167
Suppose 5*f = -3*j - 269, f + 6*j = 2*j - 47. Let v = f + 59. Suppose 33 = o - v*x - 7, x + 52 = o. List the prime factors of o.
2, 7
Let q = -22635 - -36080. List the prime factors of q.
5, 2689
Let v be (4*4/16 - -4) + 5. List the prime factors of (8/v)/((-15)/(-2175)).
2, 29
Let r be (0 - 5/(-3))/(99/1782). What are the prime factors of (12/(-8))/(r/(-4360))?
2, 109
Let j(z) = 16*z - 112. Let n be j(7). List the prime factors of 893 - n/(-7) - 3.
2, 5, 89
What are the prime factors of (1596812/784)/((-1)/(-12))?
3, 8147
Suppose 0 = 4*p - x - 28700, 5*p + 73*x = 70*x + 35892. What are the prime factors of p?
2, 3, 13, 23
Let h(a) be the third derivative of a**4/24 + 49*a**3/6 + 2*a**2. Let r be (1 + (-19)/4)/((-17)/(-68)). What are the prime factors of h(r)?
2, 17
Suppose 3*s - 17268 + 9783 = 20079. What are the prime factors of s?
2, 2297
Let k = -47294 - -79714. What are the prime factors of k?
2, 5, 1621
Suppose 4*r - 16 = 0, 0 = 285*s - 281*s + 3*r - 179444. What are the prime factors of s?
2, 11, 2039
Let u(g) = -2*g**2 - 2*g + 810. Let c be u(0). Let r = c - 707. What are the prime factors of r?
103
Suppose 66 = d + y - 679, -3*d + 2241 = -3*y. Suppose -j - d - 417 = -g, 3*j - 1175 = -g. What are the prime factors of g?
2, 11, 53
Let t be (0 - 2) + 7 + 7. Suppose 0 = 3*c + 3*c - t. Suppose -c*g - 20 = -6*g, 2*d - 48 = -2*g. List the prime factors of d.
19
Let g(o) = 72*o**2 - 11*o + 29. Let r be g(8). Suppose -r = -5*y + 636. List the prime factors of y.
17, 61
Let m(c) = -29*c - 32. Let o(f) = -15*f - 17. Let x(s) = -4*m(s) + 9*o(s). List the prime factors of x(-5).
2, 5, 7
Let a(f) = -f**3 - 3*f**2 - 8*f - 8. Let q be a(-2). Suppose -4*z + 4*h + 1264 = 0, q*z - 845 - 419 = -h. What are the prime factors of z?
2, 79
Let y(g) = -81*g + 6857. What are the prime factors of y(0)?
6857
Suppose y - w + 17 = 5*y, 5*y = 3*w + 17. Suppose 54 = -6*g + 288. Suppose -3*t + g = 2*a - y*t, -a + 17 = -t. List the prime factors of a.
2, 11
List the prime factors of (63 - -7983) + ((-9)/1)/(-1).
3, 5, 179
What are the prime factors of 84/(-36)*6 - -17005?
13, 1307
Let h be ((-30)/40)/(1*(-1)/964). Let s = -400 + h. Suppose 4*z - 3*f = s, -3*z + 4*z - 4*f - 71 = 0. What are the prime factors of z?
83
Suppose j + j - 40 = 2*m, 4*m + 100 = 5*j. What are the prime factors of (-55)/j*2*(-1 + -19)?
2, 5, 11
Let s = -126 - -119. List the prime factors of (-5)/(s/(-36)*2/(-42)).
2, 3, 5
Suppose 3391 + 12224 = -9*o. Let t = -1193 - o. List the prime factors of t.
2, 271
Let i be (-545)/(-3) - 52/(-156). Suppose 3*r = -5*l + 663 + i, -1423 = -5*r - l. List the prime factors of r.
3, 5, 19
Let y(h) = -h**2 + 8*h + 7. Let p be -21*1 + (-21)/(-7). Let i = p + 24. What are the prime factors of y(i)?
19
Let r = 839 + -829. What are the prime factors of (36/r)/(5 - (-298)/(-60))?
2, 3
Let u(j) = j**3 + 8*j**2 + 13*j - 12. Let b be u(-5). List the prime factors of 15/9 + b + (-4265)/(-15).
2, 71
Let y = -10363 + 17580. What are the prime factors of y?
7, 1031
Let b = -738 + 147. Let l = 1564 + b. What are the prime factors of l?
7, 139
Let n be 35/3 + (100/(-30))/(-10). Suppose -2526 - 1242 = -n*k. What are the prime factors of k?
2, 157
Suppose 5*n + 5670 = 19*n. Suppose -8*t - 1060 = -4*t + 5*l, 16 = -4*l. Let h = n + t. List the prime factors of h.
5, 29
Suppose -16*z + 11*z - 305 = 0. Let l = -58 - z. What are the prime factors of 20/(-45)*l*-102?
2, 17
Let p(f) = -6*f**2 - 2*f + 7*f - f**3 - 9*f + 6. Let t be p(-5). Let l(g) = 213*g**2 - 4*g + 3. List the prime factors of l(t).
2, 53
Let h = 59 + -65. Let v(n) = n**3 + n**2 + 6*n - 2. Let z be v(h). List the prime factors of (-8 + z)/(2/(-1)).
113
Let f = 18804 - 16229. List the prime factors of f.
5, 103
Let z = 28 - 11. Let y = 14 - z. List the prime factors of ((-3172)/(-39))/((-2)/y).
2, 61
Let x(c) = 8*c - 9*c + 23*c - 2*c**3 + 8*c**2 + 64 + 0*c. List the prime factors of x(-6).
2, 163
Suppose -2*n - 7 + 24 = 5*k, -2*k + 2 = 2*n. Let p be ((-8)/(-18))/(n/(-36)). Suppose -4*r + p*c + 426 = r, 3*r + 4*c - 262 = 0. List the prime factors of r.
2, 43
Let k = -642 + 667. Let u be 1 - 4/(-2) - -6. Suppose -u + k = 2*n. What are the prime factors of n?
2
Let f(c) be the third derivative of -5*c**4/24 - 14*c**3 - 5*c**2 - c. What are the prime factors of f(-24)?
2, 3
Suppose -3*i = -3*q - 441, 2*i + 2*q - 355 = -57. Let h = 316 - i. What are the prime factors of h?
2, 3, 7
Let i = -69 - -76. Suppose 2*w + i*n = 3*n + 12, 5*n - 8 = w. Suppose -w*r + 156 = 5*t, -5*t - 184 = 5*r - 8*r. What are the prime factors of r?
2, 17
Let o be 7/((-28)/8) - -31. Suppose -3*q = 5 - o. Suppose -q*g + 9*g - 104 = 0. List the prime factors of g.
2, 13
Let o be (26/(-104))/(2/922)*-12. Suppose -2*p - 3*f = -328 - 599, o = 3*p + 3*f. List the prime factors of p.
2, 3, 19
Let m(t) be the second derivative of 10*t**2 - 34*t + 13/6*t**3 + 0. List the prime factors of m(6).
2, 7
Suppose -2*a - w = 13, w - 7 = 2*a - 0*w. Let g(t) = -3*t**3 + 2*t**2 + 4*t + 2. Let c be g(a). Suppose -7*l + 566 + c = 0. List the prime factors of l.
139
Suppose 0 = 3*p - 5*i - 9281, -3*i = 5 + 7. Suppose p = 9*z - 2133. List the prime factors of z.
2, 5, 29
Let m(k) = -k**3 - 24*k**2 - 17*k - 61. Let z be m(-25). Suppose 3*a - z = 3